 21666 (base 15) in base 11?
72769
What is -10110121222020 (base 3) in base 13?
-4c6a8b
2231a (base 12) to base 3
2022020211
Convert 52352411 (base 6) to base 13.
414514
43041440 (base 6) to base 14
24d172
What is -21101011220121 (base 3) in base 7?
-45216010
10011011011111010001001 (base 2) to base 6
301112105
222010010 (base 4) to base 14
46b08
Convert -2612176 (base 10) to base 14.
-4bdd60
Convert c258b (base 15) to base 8.
2262122
-114323111 (base 5) to base 12
-2219a1
Convert 1507d9 (base 15) to base 11.
633052
Convert -1d3c5 (base 16) to base 11.
-81a73
Convert -3401423 (base 5) to base 3.
-10000202220
What is 215790 (base 10) in base 9?
358006
What is 1110110110100011000 (base 2) in base 5?
111033210
What is -10001010101100011111110 (base 2) in base 3?
-22112220020200
Convert -1221110100210 (base 3) to base 2.
-11111100000101010000
Convert -85054 (base 12) to base 7.
-1325005
Convert 17ebb (base 15) to base 2.
10010111100001000
-4655275 (base 9) to base 7
-30251300
Convert -13128 (base 9) to base 16.
-2297
What is 17328 (base 11) in base 2?
101111100011111
What is -1d407e (base 16) in base 4?
-13110001332
Convert -b0c1 (base 16) to base 9.
-68056
Convert 19562c (base 15) to base 14.
241627
Convert -23470585 (base 9) to base 13.
-24a8536
110000000010110111110010 (base 2) to base 8
60026762
What is -11415411 (base 6) in base 13?
-c7c66
What is 851555a (base 11) in base 6?
1253255033
144342131 (base 5) to base 2
10111101111000111111
What is 11011001112 (base 3) in base 12?
3b335
Convert -565847 (base 11) to base 13.
-257005
What is -b16b8 (base 12) in base 14?
-6019a
-10000111010100010101 (base 2) to base 13
-165386
Convert -28634 (base 11) to base 15.
-c0cd
What is -192324 (base 10) in base 14?
-50136
439a2bb (base 12) to base 5
11300113032
596811 (base 11) to base 9
1701580
Convert -21b4a2 (base 13) to base 15.
-10ad4c
3133313 (base 4) to base 13
66a1
What is -2626200 (base 11) in base 12?
-16333b6
What is 12a3184 (base 11) in base 10?
2244279
1205644 (base 7) to base 16
256d8
Convert -201110020212 (base 3) to base 2.
-1011101011110111110
Convert -32011111120 (base 4) to base 11.
-20a1830
What is 9639b (base 13) in base 7?
2205461
-678571 (base 9) to base 15
-806b7
What is -5147457 (base 11) in base 3?
-122002200102001
121110202011 (base 3) to base 15
660ea
What is 231525 (base 8) in base 7?
445244
What is -192065 (base 13) in base 6?
-21321415
What is -aaa28 (base 14) in base 3?
-210000100101
Convert 17240402 (base 8) to base 6.
222012522
Convert 3b3de (base 15) to base 3.
100122110202
Convert -24511 (base 10) to base 15.
-73e1
Convert -1af417 (base 16) to base 14.
-33da51
What is -11000000100101011111111 (base 2) in base 3?
-102212121120222
What is -2baab (base 14) in base 2?
-11010101001000111
345203 (base 6) to base 13
10671
Convert 516047 (base 8) to base 11.
107568
What is -100011000011010011011 (base 2) in base 9?
-2140480
Convert -2242105 (base 8) to base 10.
-607301
Convert -2dbe9c (base 16) to base 10.
-2997916
2655204 (base 7) to base 16
5570a
What is -10691 (base 11) in base 6?
-155335
Convert 1a402 (base 11) to base 2.
110111100010101
1026136 (base 7) to base 10
124585
What is -18ba26 (base 15) in base 12?
-4a0776
2343424 (base 5) to base 2
1010101001011110
Convert -772040 (base 13) to base 11.
-1645288
-7707b (base 14) to base 15
-5a604
Convert 1437c6 (base 14) to base 12.
2999aa
30000130 (base 4) to base 6
1015404
Convert -102041324 (base 5) to base 14.
-b0a3b
What is fbb20 (base 16) in base 2?
11111011101100100000
-530231312 (base 6) to base 12
-3125538
101890 (base 15) to base 9
1384850
What is 1848543 (base 10) in base 14?
36194b
Convert -3a3454 (base 11) to base 2.
-10011010110011110011
Convert 110000011110221 (base 3) to base 16.
615c0d
What is 70799 (base 10) in base 8?
212217
Convert -2001201201112 (base 3) to base 9.
-2051645
-352541444 (base 6) to base 14
-c32872
What is -125cb3 (base 13) in base 16?
-6bce6
-12121201012012 (base 3) to base 4
-23121002030
-220201401 (base 5) to base 3
-1202221220002
Convert -31604120 (base 7) to base 4.
-22100313323
What is -10331222 (base 4) in base 12?
-b922
What is 53422e (base 15) in base 16?
3c7778
Convert -1395881 (base 12) to base 10.
-3928993
What is 282662 (base 10) in base 9?
470658
What is 11605385 (base 9) in base 15?
770bce
What is -3602e (base 15) in base 4?
-222002021
-315129 (base 11) to base 7
-4201066
Convert -712083 (base 9) to base 14.
-ad829
What is -69a478 (base 13) in base 16?
-264320
Convert 126a035 (base 12) to base 4.
31311012221
Convert -924b38 (base 14) to base 15.
-675d05
What is -304a3 (base 12) in base 2?
-1111010110111011
-20211010101211 (base 3) to base 4
-31310303113
What is -100305221 (base 6) in base 12?
-6a2211
Convert -10145000 (base 7) to base 13.
-23a860
-1527125 (base 8) to base 12
-191471
Convert -43032 (base 5) to base 15.
-ccc
4b773 (base 13) to base 4
202012220
What is 1131000130 (base 4) in base 7?
3144442
Convert -1111100110000010010101 (base 2) to base 9.
-7620554
What is d8dfe (base 16) in base 12?
36a0a6
4b950 (base 16) to base 10
309584
3d5 (base 14) to base 13
478
What is 20144033 (base 5) in base 16?
27a59
What is 193798 (base 10) in base 11?
122670
-15455366 (base 7) to base 16
-16c7c3
What is -220aa (base 11) in base 5?
-2011224
-14231020 (base 6) to base 4
-1312231110
What is 224145445 (base 6) in base 16?
3edd85
What is -3c4c59 (base 14) in base 6?
-112430023
What is 37097 (base 11) in base 2?
1101000001100010
1a16b (base 13) to base 3
2120200002
-1122345 (base 8) to base 4
-1022103211
What is 1000011000111010000 (base 2) in base 7?
2223306
-101000101100111010111110 (base 2) to base 9
-22062136
What is -2424323 (base 5) in base 13?
-1799a
5927910 (base 10) to base 13
12c7251
4365172 (base 8) to base 2
100011110101001111010
Convert 112003202 (base 4) to base 2.
10110000011100010
-53542a (base 15) to base 6
-221003421
-71729 (base 11) to base 2
-11001100011111000
Convert 1012222102212 (base 3) to base 14.
12c7c6
Convert -1484a2 (base 11) to base 10.
-230859
What is 6d487 (base 16) in base 10?
447623
What is -89000 (base 10) in base 4?
-111232220
-10303301322 (base 4) to base 7
-13500261
What is -1100011100110100101001 (base 2) in base 5?
-1313420120
Convert -373a (base 13) to base 16.
-1e8f
56140066 (base 7) to base 6
251542004
Convert 12210112000102 (base 3) to base 13.
83b34c
What is -2268da (base 15) in base 3?
-10002102202021
Convert -54106476 (base 8) to base 13.
-2521660
What is -11011111011011010 (base 2) in base 5?
-12130034
-1891647 (base 10) to base 6
-104313343
-22534114 (base 6) to base 9
-1271821
-877717 (base 9) to base 14
-d8d6d
377151 (base 8) to base 15
28ab0
Convert -11203301 (base 4) to base 6.
-253225
Convert 118987 (base 11) to base 10.
187524
What is 23125876 (base 9) in base 15?
ebe649
What is -310256 (base 8) in base 3?
-12012201001
What is 5357711 (base 9) in base 4?
22331120011
5d6f7c (base 16) to base 8
27267574
Convert 102447 (base 10) to base 3.
12012112100
Convert 1056204 (base 8) to base 5.
33121303
What is 603b0b (base 12) in base 16?
16e27b
21141011 (base 5) to base 6
3450211
4397a5 (base 15) to base 9
6050032
Convert 145434 (base 9) to base 15.
1b6cd
Convert 182625 (base 9) to base 11.
78306
Convert d4a608 (base 14) to base 5.
3314032000
Convert -110000101101110001100100 (base 2) to base 12.
-433a344
Convert 14317a (base 12) to base 11.
210384
Convert -bb33b8 (base 13) to base 7.
-52306304
Convert -3021332212 (base 4) to base 10.
-827302
31229 (base 15) to base 10
155739
What is 1653666 (base 10) in base 11?
a2a473
What is 23ee20 (base 15) in base 7?
20425440
What is -177803 (base 9) in base 10?
-110730
What is -54c19 (base 14) in base 13?
-72675
293696 (base 12) to base 3
1022002010020
What is -1112142421 (base 5) in base 3?
-11121221021012
-1110111100100011101 (base 2) to base 11
-304a64
What is -11110000110000010011111 (base 2) in base 6?
-441031223
Convert 650566 (base 7) to base 4.
123213310
Convert 11100110110000111001001 (base 2) to base 11.
42a5219
23200333 (base 4) to base 5
3002132
What is -135900 (base 10) in base 14?
-37752
2142450 (base 6) to base 12
51a26
Convert -3300742 (base 9) to base 14.
-341b2b
12101104043 (base 5) to base 2
110101101101111011101101
Convert -200302311 (